8907 composite?
True
Is 52322453 a composite number?
True
Is 31410319 a composite number?
False
Is 245251361 composite?
False
Is 703335833 a composite number?
False
Is 29794343 prime?
True
Is 4914023 a prime number?
False
Is 73027841 a prime number?
True
Is 5103047 prime?
True
Is 55059938 prime?
False
Is 123108287 composite?
True
Is 161541469 a composite number?
True
Is 1706567 a composite number?
False
Is 126791243 a composite number?
True
Is 2307467 composite?
False
Is 22953835 composite?
True
Is 19511819 a composite number?
False
Is 389479 a prime number?
True
Is 30421799 a composite number?
True
Is 7462219 composite?
True
Is 446699 composite?
True
Is 21076963 composite?
True
Is 3980749 composite?
False
Is 15384849 a composite number?
True
Is 6855911 a prime number?
True
Is 1483681 a prime number?
True
Is 95324147 prime?
False
Is 100319161 a prime number?
True
Is 16570049 a composite number?
True
Is 1655807 composite?
False
Is 16392917 prime?
False
Is 15210287 prime?
False
Is 1702219 a composite number?
False
Is 1434551 composite?
True
Is 90530029 composite?
True
Is 17273407 a prime number?
True
Is 18863279 prime?
True
Is 263027351 prime?
True
Is 3958561 a composite number?
True
Is 14412509 composite?
True
Is 603049 a prime number?
False
Is 220586063 prime?
False
Is 12975587 a composite number?
True
Is 57362371 prime?
False
Is 14909087 a prime number?
True
Is 28786517 a prime number?
True
Is 1825231 prime?
False
Is 149827 prime?
True
Is 433759 composite?
False
Is 208322633 a prime number?
True
Is 121987489 prime?
False
Is 16534183 a prime number?
False
Is 53711377 composite?
True
Is 3329497 composite?
True
Is 128249339 a composite number?
True
Is 62224847 prime?
True
Is 1489777 prime?
False
Is 6490193 a composite number?
False
Is 3372371 prime?
True
Is 923885 a prime number?
False
Is 71017162 a composite number?
True
Is 759491 a prime number?
True
Is 1500501 a composite number?
True
Is 35175887 a composite number?
False
Is 247781713 composite?
True
Is 6381209 prime?
True
Is 303529 a composite number?
False
Is 117580127 composite?
True
Is 24971423 composite?
True
Is 16446733 a prime number?
False
Is 982469 composite?
True
Is 14150093 a prime number?
True
Is 192428071 composite?
True
Is 22200397 a prime number?
True
Is 94379239 composite?
True
Is 1013851 composite?
False
Is 762247 composite?
True
Is 58881621 prime?
False
Is 26611121 composite?
False
Is 11971598 a prime number?
False
Is 147538829 a composite number?
False
Is 5991343 a prime number?
True
Is 742247 prime?
False
Is 19713157 a composite number?
False
Is 6380819 composite?
False
Is 6821897 composite?
False
Is 12102227 prime?
False
Is 7493443 prime?
True
Is 31752937 a prime number?
True
Is 161543 prime?
True
Is 6729445 a composite number?
True
Is 21484127 a prime number?
False
Is 2483953 a composite number?
False
Is 13592857 prime?
False
Is 54654359 a prime number?
False
Is 368369561 a composite number?
True
Is 8699177 composite?
True
Is 106801 composite?
False
Is 16876659 a composite number?
True
Is 1267823 a prime number?
True
Is 360737 a prime number?
False
Is 19995121 a prime number?
False
Is 86381803 a prime number?
True
Is 5499035 a composite number?
True
Is 701708693 a composite number?
True
Is 537184145 composite?
True
Is 12511489 a prime number?
True
Is 38497697 a prime number?
False
Is 16985741 composite?
True
Is 5264717 prime?
False
Is 257633 composite?
True
Is 3912182 prime?
False
Is 2902607 a prime number?
True
Is 1136326 a composite number?
True
Is 194893 prime?
False
Is 25721197 a composite number?
False
Is 1955873 a prime number?
True
Is 14949141 prime?
False
Is 3398219 composite?
True
Is 44183767 a composite number?
True
Is 1930465 prime?
False
Is 45309469 prime?
False
Is 55302119 a prime number?
True
Is 46040479 a composite number?
False
Is 1241 prime?
False
Is 297483299 a prime number?
True
Is 1530553 composite?
False
Is 21581827 composite?
False
Is 48481813 a prime number?
True
Is 2377733 a prime number?
False
Is 9268079 a prime number?
False
Is 24228497 composite?
True
Is 5097109 prime?
True
Is 784331 prime?
False
Is 88242862 a composite number?
True
Is 125410597 a prime number?
False
Is 1700603 a prime number?
True
Is 5883079 composite?
True
Is 6446831 prime?
False
Is 4213277 composite?
False
Is 27418081 a prime number?
True
Is 1664866111 a composite number?
False
Is 954289 a prime number?
False
Is 34117033 a composite number?
False
Is 341083 a composite number?
False
Is 838883 composite?
True
Is 6881146 composite?
True
Is 13970631 prime?
False
Is 13967791 composite?
True
Is 4427357 prime?
False
Is 1612841 a composite number?
True
Is 4935773 composite?
True
Is 13391701 a prime number?
True
Is 1012793 composite?
True
Is 17117017 composite?
False
Is 7545701 prime?
False
Is 6393973 a prime number?
False
Is 9253801 composite?
True
Is 11754011 a composite number?
True
Is 48460627 a prime number?
True
Is 6910633 a prime number?
False
Is 6603143 prime?
False
Is 948020959 a prime number?
True
Is 16938157 prime?
True
Is 1062197 prime?
True
Is 2203933 a prime number?
True
Is 194713243 prime?
True
Is 6182971 prime?
True
Is 569772457 composite?
False
Is 3909329 prime?
True
Is 150894929 composite?
False
Is 107393441 prime?
True
Is 38650411 prime?
True
Is 7200877 a prime number?
False
Is 85430959 a composite number?
True
Is 4428091 prime?
True
Is 32565413 prime?
True
Is 634867 composite?
True
Is 979819 a composite number?
False
Is 822113 a composite number?
False
Is 105932977 prime?
True
Is 1917137 prime?
True
Is 3536627 composite?
False
Is 14209613 a prime number?
False
Is 20207833 composite?
False
Is 17821769 composite?
True
Is 352691 a prime number?
True
Is 2290889 prime?
True
Is 26599971 composite?
True
Is 3331621 prime?
True
Is 5521963 a prime number?
True
Is 45006109 composite?
True
Is 110519077 prime?
True
Is 15669103 a composite number?
False
Is 10825013 composite?
False
Is 2077529 prime?
False
Is 685987 prime?
True
Is 152302961 a prime number?
True
Is 81912209 prime?
True
Is 95063 composite?
False
Is 339026117 a composite number?
True
Is 623321 prime?
True
Is 226475359 composite?
True
Is 7136369 composite?
False
Is 82652077 a prime number?
False
Is 10492319 composite?
False
Is 3776951 prime?
False
Is 11995261 composite?
False
Is 112578433 a prime number?
False
Is 178415345 composite?
True
Is 956617 a prime number?
True
Is 20676661 prime?
True
Is 72170251 a composite number?
True
Is 84287807 composite?
False
Is 58510181 a prime number?
False
Is 127147469 a prime number?
True
Is 954847 composite?
False
Is 1036549 prime?
False
Is 4036243 a prime number?
False
Is 32177 composite?
True
Is 160003879 a prime number?
False
Is 563021777 a composite number?
False
Is 14918671 composite?
False
Is 4980097 prime?
True
Is 472798259 a composite number?
True
Is 3180169 a composite number?
True
Is 7449529 a prime number?
False
Is 26324569 prime?
True
Is 38721035 prime?
False
Is 2316733 a prime number?
False
Is 9775531 a composite number?
False
Is 9691723 prime?
True
Is 40932251 a prime number?
False
Is 4667731 composite?
False
Is 99126073 a composite number?
True
Is 25175105 composite?
True
Is 1379567711 a composite number?
False
Is 4497859 prime?
False
Is 23417711 a prime number?
True
Is 86972133 a composite number?
True
Is 438607843 composite?
True
Is 3461071 prime?
False
Is 2318387 prime?
True
Is 67155053 a composite number?
True
Is 6186129 prime?
False
Is 114627211 composite?
True
Is 23165027 a prime number?
True
Is 52740521 a prime number?
True
Is 2754617 prime?
True
Is 755232883 a composite number?
False
Is 1113131 a prime number?
False
Is 104492263 prime?
True
Is 5339233 a composite number?
False
Is 1253427251 prime?
False
Is 99971 composite?
False
Is 17446249 prime?
True
Is 67794913 prime?
True
Is 1509623 a composite number?
False
Is 145949 a composite number?
False
Is 9378091 a composite number?
True
Is 361115773 a prime number?
True
Is 55192103 prime?
True
Is 112831 a prime number?
True
Is 372965303 a prime number?
True
Is 102021657 prime?
False
Is 365765917 prime?
False
Is 124665433 composite?
False
Is 129632693 a prime number?
False
Is 481435519 composite?
True
Is 214138799 prime?
False
Is 1837169 a prime number?
False
Is 1462927 a prime number?
True
Is 7387733 a pri